uppose -3*m = 0, 4*m + 2 = 2*k - g. What is the remainder when c is divided by k?
1
Let z(i) = -i**2 + 20*i + 22. What is the remainder when z(19) is divided by 15?
11
Let u(v) = v**2 + 4*v + 4. Let l = 9 + -13. Calculate the remainder when 15 is divided by u(l).
3
Suppose 4*x - 120 = 4*m, 4*m - 15 = m. Let u(j) = j + 6. Calculate the remainder when x is divided by u(12).
17
Let p = -1 - -3. Suppose 5*u = 15 + 5. What is the remainder when 7*(u/14)/1 is divided by p?
0
Suppose 7*d - 18 = 87. Calculate the remainder when 55 is divided by d.
10
Suppose 3*o + 5*d = 20, d - 2*d + 4 = -o. Suppose 2*s = -0*n + 4*n - 22, o = 3*s + 9. Calculate the remainder when (-4)/(-14) + (-136)/(-14) is divided by n.
2
What is the remainder when 27 is divided by 7/((-3)/(-6) + 0)?
13
Let c be 4/6 + (-388)/(-12). Suppose -z = s - 0*s - 15, 2*z + 5*s - c = 0. What is the remainder when 53 is divided by z?
11
Let h(w) = 13*w - 7. What is the remainder when h(3) is divided by 12?
8
Let y be (2 - 3)/(1/(-16)). Suppose -k + t = -y, 4*t - 5*t = 4*k - 84. Calculate the remainder when 79 is divided by k.
19
Let h(r) = -r. Let a be h(-4). Suppose a*o = -3*q + 9, -4*o + 4*q = 5 - 21. Suppose -o*b - 1 = -16. What is the remainder when 9 is divided by b?
4
Let b(t) = t**2 + 10*t + 6. Let i be b(-10). Suppose -45 = a - i*a. What is the remainder when 34 is divided by a?
7
Suppose 31 = 4*v + g - 28, -5*g + 39 = 4*v. Calculate the remainder when 178/6 - (-1)/3 is divided by v.
14
What is the remainder when 43 + -29 - 2/4*-2 is divided by 7?
1
Let a = 40 + -18. Let w be (1 + 1)/(-2) - -1. Suppose 0 = -v - 5, b - 2*v + 17 - 39 = w. Calculate the remainder when a is divided by b.
10
Let m(r) = r**2 - 5*r - 5. Let b(s) = s**3 + 5*s**2 - s + 1. What is the remainder when m(7) is divided by b(-5)?
3
Suppose -i = -0*i - 21. Suppose -i = 5*s - 6. Let a(w) = -9*w. What is the remainder when a(s) is divided by 15?
12
Let a = 2 + 3. Suppose -a*x + 9 = -61. What is the remainder when 53 is divided by x?
11
Let p = 4 - 1. Let y(m) = -3*m**2 + 11*m - 6. Let v(b) = 13*b**2 - 45*b + 23. Let t(n) = -2*v(n) - 9*y(n). What is the remainder when t(9) is divided by p?
2
Suppose 2 = 3*w - 2*w. Let b = w + 9. Suppose -3*z + a = -0*z - 61, -z + 2*a = -22. Calculate the remainder when z is divided by b.
9
Let v = -69 + 152. What is the remainder when v is divided by 14?
13
Suppose -4*r + 184 - 52 = 0. Suppose 6*j - r = 3*j - h, -2*h = 2*j - 18. What is the remainder when j is divided by 5?
2
Let v(s) = -s + 3. Let y be v(2). Suppose 0 = -q + 6 + y. Let r = -38 + 50. What is the remainder when r is divided by q?
5
Suppose -2*x + 6*x - 472 = 0. Calculate the remainder when x is divided by 30.
28
Suppose 3*t + 2*l + 0*l = 33, 0 = -t - l + 12. What is the remainder when 15 is divided by t?
6
Suppose 5*f - 205 = 5*r, 4*f = -r + 99 + 40. Calculate the remainder when 178 is divided by f.
34
Suppose 7*r - 2*r - 2*z + 55 = 0, 4*z = -r - 33. Calculate the remainder when 11 is divided by (-41)/r - (-2)/(-13).
2
Suppose 3*i + 40 = 9*w - 4*w, -40 = -4*w + 4*i. Calculate the remainder when (-1 - -2) + 13*1 is divided by w.
4
Suppose 3*r - 479 = -5*l - 22, 5*l - r - 441 = 0. What is the remainder when l is divided by 9?
8
Let g = -5 - -8. Suppose 2*m + 4 = 0, -5*h - 2*m + g = 7. Let d(n) = -n**3 + 24. What is the remainder when d(h) is divided by 13?
11
Let w(t) = t**2 + 5*t - 2. Let y(z) = -z + 7. Let x be y(13). Calculate the remainder when 90/8 - 2/8 is divided by w(x).
3
Suppose -2*u = u + 5*w - 14, -5*u = w - 16. Suppose -129 = -4*l - 5*s, s = -5*l - u*s + 150. What is the remainder when l is divided by 7?
5
What is the remainder when (-1)/((0 + 1)/(2 - 41)) is divided by 6?
3
Suppose 2*r - 48 = 60. Calculate the remainder when r is divided by 19.
16
Suppose -2*k + 42 = h + 3*h, -3*h = 4*k - 44. What is the remainder when 13 is divided by h?
5
Suppose -4*g - 4*j = -4 + 12, 10 = -5*j. Suppose g = y - 1 - 44. What is the remainder when y is divided by 16?
13
Suppose 4*y + 2*b - 30 = 0, -2*y + 6*b = 2*b. Suppose -2*h + 28 = y. Calculate the remainder when (-5)/(-20) + 119/4 is divided by h.
8
Let m(n) = 3*n + 3. Let v be (4 + -1 - 2) + 6. Suppose 5*y = 197 + 38. Calculate the remainder when y is divided by m(v).
23
Suppose 2*v = -2*v + 40. Calculate the remainder when (96/(-20))/((-3)/v) is divided by 9.
7
Let i(v) = -v**2 + 10*v + 8. What is the remainder when i(5) is divided by 12?
9
Suppose 2*n - h = 33, 2*n - 4*n + 23 = -3*h. Suppose 4*p = -4*a + 220, -p - 2*a + 222 = 3*p. Calculate the remainder when p is divided by n.
18
Let d(p) = 295*p**3 - p + 1. Let m be d(1). What is the remainder when 44 is divided by (-2)/(-8) - m/(-20)?
14
What is the remainder when 22 is divided by (-392)/(-35) - 4/(-5)?
10
Let h = -59 - -107. Calculate the remainder when h is divided by 7.
6
Suppose -16 = -4*o - 2*y, -4*y + 13 = 5*o - 7. Suppose -s - 75 = o*s. What is the remainder when 13 is divided by (1/1)/((-3)/s)?
3
Let t(p) = p**3 - 9*p**2 + 4*p - 10. Let u be t(9). Calculate the remainder when (-1068)/(-13) - 4/u is divided by 17.
14
Let o(x) = -x**3 - 7*x**2 - 6*x + 5. Let q(c) = c**3 + 9*c**2 - 13*c - 15. Let g be q(-10). Calculate the remainder when (12/8)/(g/140) is divided by o(-6).
4
Let q = 3 - 6. Let s be -1 - -2 - (q - -2). Suppose s*x - 45 = 5*a, x = -2*x + 5*a + 70. What is the remainder when x is divided by 9?
7
Let s(f) = 2*f + 7. Let x(o) = -10*o - 35. Let b(v) = 11*s(v) + 2*x(v). What is the remainder when 48 is divided by b(5)?
14
Let q(m) = -m**2 + 6*m - 9. Let w be 4/(-14) + 44/7. Let i be q(w). Calculate the remainder when 2 is divided by 10/6 + (-3)/i.
0
Suppose 2*m - 4 = 0, -4*y + 5*m = 2*m - 34. Calculate the remainder when 118 is divided by y.
8
Let f(a) = a - 13. Calculate the remainder when 2 is divided by f(15).
0
Let d(b) = -b**2 - 7*b - 4. Suppose 22 + 23 = -5*w. Let h = w - -14. What is the remainder when h is divided by d(-6)?
1
Suppose -3*a + 7*a - 16 = 0. What is the remainder when 38 is divided by a?
2
Suppose 0 = 10*c - 79 - 61. Suppose -n - 3*d = -42, d = 2*d - 1. Calculate the remainder when n is divided by c.
11
Let t(r) = -r**3 + 5*r**2 - r - 4. Let g be t(5). Let i = 1 - g. Suppose 0*k + 5*k = 95. What is the remainder when k is divided by i?
9
Let y = 66 - 58. Suppose 0 = -4*a + 24 + 4. Let p = 15 + a. What is the remainder when p is divided by y?
6
Let g(k) = -k + 2. Let z be g(2). Suppose 2*j + 2 = -z. What is the remainder when 19 is divided by (4/(-10))/(j/25)?
9
Let a(d) = -d**2 - 8*d + 9. Calculate the remainder when 68/2 - (-1 + 1) is divided by a(-8).
7
Let s(y) = -y**2 - 6*y - 5. Let w be s(-5). Let t = 3 + w. Suppose t*g - 18 = 36. What is the remainder when g is divided by 10?
8
Suppose q + 3*q = -16. Calculate the remainder when 35 is divided by -18*1/6*q.
11
Suppose 54 = -2*f + 5*f. Calculate the remainder when 346/f + (-8)/36 is divided by -7*(-2 + 0)/2.
5
Let k(d) = -d + 48. Let o be k(0). Suppose 2*u - 116 = -o. Calculate the remainder when u is divided by 12.
10
Suppose 33 + 7 = 5*x. Calculate the remainder when 42 is divided by (-15)/(-2) - (-12)/x.
6
Let y = 99 - 27. Calculate the remainder when y is divided by 25.
22
Let l(h) = -17*h - 6. What is the remainder when l(-12) is divided by 25?
23
Let x(k) = -k**3 + 5*k**2 + k - 1. Let m be x(5). Suppose u - 2*u + 6 = 0. What is the remainder when 12 is divided by m/u*(-42)/(-4)?
5
Let j = 17 + -4. Calculate the remainder when 51 is divided by j.
12
Let i be (-3 + (-1)/(-1))/(-2). Calculate the remainder when (-444)/(-30) + i/5 is divided by 6.
3
Let q(a) = 5*a - 11. What is the remainder when q(6) is divided by 5?
4
Suppose -5*x = -4*t - 105, -4*x = x - 5*t - 105. What is the remainder when x is divided by 140/12 + (-6)/9?
10
Suppose 32 + 100 = 2*a. Suppose -4*i + a = -2*i. Calculate the remainder when i is divided by 12.
9
Let q(l) be the first derivative of l**3 - l**2 + l - 5. What is the remainder when 24/14 - 2/(-7) is divided by q(1)?
0
Suppose 0 = -5*t + t + 2*d + 28, 0 = 2*t - 2*d - 14. Let a = t + -2. What is the remainder when 14 is divided by a?
4
Let r(w) = w**3 + 6*w**2 - w + 4. Calculate the remainder when r(-6) is divided by 3.
1
Let m = -11 - -18. What is the remainder when m is divided by 3?
1
Let x(